{"id":310,"date":"2020-12-03T11:27:18","date_gmt":"2020-12-03T10:27:18","guid":{"rendered":"https:\/\/www.lescrisdeparis.fr\/?post_type=productions&#038;p=310"},"modified":"2023-09-12T14:52:35","modified_gmt":"2023-09-12T12:52:35","slug":"david-et-salomon","status":"publish","type":"productions","link":"https:\/\/www.lescrisdeparis.fr\/en\/productions\/david-et-salomon\/","title":{"rendered":"David et Salomon"},"content":{"rendered":"\n<p><\/p>\n\n\n\n<h3 class=\"has-text-align-center wp-block-heading\">d&#8217;apr\u00e8s les Psalmen Davids<\/h3>\n\n\n\n<h2 class=\"wp-block-heading\">Pr\u00e9sentation<\/h2>\n\n\n\n<p>Les chanteurs et instrumentistes des Cris de Paris se r\u00e9unissent autour des psaumes les plus spectaculaires des&nbsp;<em>Psalmen Davids&nbsp;<\/em>(1619) de Heinrich Sch\u00fctz. Ils les font alterner avec des compositions bas\u00e9es sur&nbsp;<em>le Cantique des Cantiques<\/em>,&nbsp;ce c\u00e9l\u00e8bre \u00ab Chant de Salomon \u00bb qui a accompagn\u00e9 le compositeur toute sa vie, et composent ce programme comme une plong\u00e9e dans le corpus le plus po\u00e9tique de l\u2019Ancien Testament.<\/p>\n\n\n\n<p>Du solo au tutti, de l\u2019\u00e9criture \u00e0 4 voix \u00e0 la polychoralit\u00e9 \u00e0 4 ch\u0153urs, entre ensembles vocaux et instrumentaux, Sch\u00fctz d\u00e9veloppe des tr\u00e9sors d\u2019inventivit\u00e9 qui sont autant de d\u00e9fis pour les interpr\u00e8tes, et sources de fascination. Les jeux de timbres, de texture et de spatialisation font du recueil de psaumes, con\u00e7u apr\u00e8s plusieurs ann\u00e9es pass\u00e9es \u00e0 Venise, un v\u00e9ritable trait\u00e9 d\u2019orchestration du baroque naissant. L\u2019intimit\u00e9, la sensualit\u00e9, le myst\u00e8re du&nbsp;<em>Cantique des cantiques<\/em>,&nbsp;contrastent avec ces dispositifs rutilants et en prolongent le merveilleux.<\/p>\n\n\n\n<p>L\u2019attention \u00e0 cette richesse de combinaisons d\u2019effectifs accompagne une mise en valeur des lieux de repr\u00e9sentation, en particulier \u00e0 travers un d\u00e9ploiement des interpr\u00e8tes dans l\u2019espace.<\/p>\n\n\n\n<p><\/p>\n\n\n\n<p><strong>Production<\/strong> Les Cris de Paris <br><strong>Cr\u00e9ation<\/strong> au Printemps des Arts de Monaco<\/p>\n\n\n\n<h2 class=\"wp-block-heading\">Programme<\/h2>\n\n\n\n<p><strong>Heinrich Sch\u00fctz,&nbsp;<em>Psalmen Davids&nbsp;<\/em>(1619)&nbsp;<em>Symphoniae sacrae<\/em>, op.6 (1629)<\/strong><\/p>\n\n\n\n<p><\/p>\n\n\n\n<p><\/p>\n","protected":false},"excerpt":{"rendered":"<p>d&#8217;apr\u00e8s les Psalmen Davids Pr\u00e9sentation Les chanteurs et instrumentistes des Cris de Paris se r\u00e9unissent autour des psaumes les plus spectaculaires des&nbsp;Psalmen Davids&nbsp;(1619) de Heinrich Sch\u00fctz. Ils les font alterner avec des compositions bas\u00e9es sur&nbsp;le Cantique des Cantiques,&nbsp;ce c\u00e9l\u00e8bre \u00ab Chant de Salomon \u00bb qui a accompagn\u00e9 le compositeur toute sa vie, et composent ce [&hellip;]<\/p>\n","protected":false},"featured_media":311,"template":"","class_list":["post-310","productions","type-productions","status-publish","has-post-thumbnail","hentry"],"acf":{"subtitle":"Heinrich Sch\u00fctz","subtitle-page":"Heinrich Sch\u00fctz"},"yoast_head":"<!-- This site is optimized with the Yoast SEO plugin v26.6 - https:\/\/yoast.com\/wordpress\/plugins\/seo\/ -->\n<title>David et Salomon - Les Cris de Paris<\/title>\n<meta name=\"robots\" content=\"index, follow, max-snippet:-1, max-image-preview:large, max-video-preview:-1\" \/>\n<link rel=\"canonical\" href=\"https:\/\/www.lescrisdeparis.fr\/productions\/david-et-salomon\/\" \/>\n<meta property=\"og:locale\" content=\"en_US\" \/>\n<meta property=\"og:type\" content=\"article\" \/>\n<meta property=\"og:title\" content=\"David et Salomon - Les Cris de Paris\" \/>\n<meta property=\"og:description\" content=\"d&#8217;apr\u00e8s les Psalmen Davids Pr\u00e9sentation Les chanteurs et instrumentistes des Cris de Paris se r\u00e9unissent autour des psaumes les plus spectaculaires des&nbsp;Psalmen Davids&nbsp;(1619) de Heinrich Sch\u00fctz. Ils les font alterner avec des compositions bas\u00e9es sur&nbsp;le Cantique des Cantiques,&nbsp;ce c\u00e9l\u00e8bre \u00ab Chant de Salomon \u00bb qui a accompagn\u00e9 le compositeur toute sa vie, et composent ce [&hellip;]\" \/>\n<meta property=\"og:url\" content=\"https:\/\/www.lescrisdeparis.fr\/productions\/david-et-salomon\/\" \/>\n<meta property=\"og:site_name\" content=\"Les Cris de Paris\" \/>\n<meta property=\"article:publisher\" content=\"https:\/\/www.facebook.com\/LesCrisdeParisGeoffroyJourdain\/\" \/>\n<meta property=\"article:modified_time\" content=\"2023-09-12T12:52:35+00:00\" \/>\n<meta property=\"og:image\" content=\"https:\/\/www.lescrisdeparis.fr\/wp-content\/uploads\/2020\/12\/davidetsalomon.jpg\" \/>\n\t<meta property=\"og:image:width\" content=\"500\" \/>\n\t<meta property=\"og:image:height\" content=\"500\" \/>\n\t<meta property=\"og:image:type\" content=\"image\/jpeg\" \/>\n<meta name=\"twitter:card\" content=\"summary_large_image\" \/>\n<meta name=\"twitter:site\" content=\"@lescrisdeparis\" \/>\n<meta name=\"twitter:label1\" content=\"Est. reading time\" \/>\n\t<meta name=\"twitter:data1\" content=\"2 minutes\" \/>\n<script type=\"application\/ld+json\" class=\"yoast-schema-graph\">{\"@context\":\"https:\/\/schema.org\",\"@graph\":[{\"@type\":\"WebPage\",\"@id\":\"https:\/\/www.lescrisdeparis.fr\/productions\/david-et-salomon\/\",\"url\":\"https:\/\/www.lescrisdeparis.fr\/productions\/david-et-salomon\/\",\"name\":\"David et Salomon - Les Cris de Paris\",\"isPartOf\":{\"@id\":\"https:\/\/www.lescrisdeparis.fr\/#website\"},\"primaryImageOfPage\":{\"@id\":\"https:\/\/www.lescrisdeparis.fr\/productions\/david-et-salomon\/#primaryimage\"},\"image\":{\"@id\":\"https:\/\/www.lescrisdeparis.fr\/productions\/david-et-salomon\/#primaryimage\"},\"thumbnailUrl\":\"https:\/\/www.lescrisdeparis.fr\/wp-content\/uploads\/2020\/12\/davidetsalomon.jpg\",\"datePublished\":\"2020-12-03T10:27:18+00:00\",\"dateModified\":\"2023-09-12T12:52:35+00:00\",\"breadcrumb\":{\"@id\":\"https:\/\/www.lescrisdeparis.fr\/productions\/david-et-salomon\/#breadcrumb\"},\"inLanguage\":\"en-US\",\"potentialAction\":[{\"@type\":\"ReadAction\",\"target\":[\"https:\/\/www.lescrisdeparis.fr\/productions\/david-et-salomon\/\"]}]},{\"@type\":\"ImageObject\",\"inLanguage\":\"en-US\",\"@id\":\"https:\/\/www.lescrisdeparis.fr\/productions\/david-et-salomon\/#primaryimage\",\"url\":\"https:\/\/www.lescrisdeparis.fr\/wp-content\/uploads\/2020\/12\/davidetsalomon.jpg\",\"contentUrl\":\"https:\/\/www.lescrisdeparis.fr\/wp-content\/uploads\/2020\/12\/davidetsalomon.jpg\",\"width\":500,\"height\":500},{\"@type\":\"BreadcrumbList\",\"@id\":\"https:\/\/www.lescrisdeparis.fr\/productions\/david-et-salomon\/#breadcrumb\",\"itemListElement\":[{\"@type\":\"ListItem\",\"position\":1,\"name\":\"Accueil\",\"item\":\"https:\/\/www.lescrisdeparis.fr\/en\/\"},{\"@type\":\"ListItem\",\"position\":2,\"name\":\"Productions\",\"item\":\"https:\/\/www.lescrisdeparis.fr\/productions\/\"},{\"@type\":\"ListItem\",\"position\":3,\"name\":\"David et Salomon\"}]},{\"@type\":\"WebSite\",\"@id\":\"https:\/\/www.lescrisdeparis.fr\/#website\",\"url\":\"https:\/\/www.lescrisdeparis.fr\/\",\"name\":\"Les Cris de Paris\",\"description\":\"Direction Geoffroy Jourdain\",\"potentialAction\":[{\"@type\":\"SearchAction\",\"target\":{\"@type\":\"EntryPoint\",\"urlTemplate\":\"https:\/\/www.lescrisdeparis.fr\/?s={search_term_string}\"},\"query-input\":{\"@type\":\"PropertyValueSpecification\",\"valueRequired\":true,\"valueName\":\"search_term_string\"}}],\"inLanguage\":\"en-US\"}]}<\/script>\n<!-- \/ Yoast SEO plugin. -->","yoast_head_json":{"title":"David et Salomon - Les Cris de Paris","robots":{"index":"index","follow":"follow","max-snippet":"max-snippet:-1","max-image-preview":"max-image-preview:large","max-video-preview":"max-video-preview:-1"},"canonical":"https:\/\/www.lescrisdeparis.fr\/productions\/david-et-salomon\/","og_locale":"en_US","og_type":"article","og_title":"David et Salomon - Les Cris de Paris","og_description":"d&#8217;apr\u00e8s les Psalmen Davids Pr\u00e9sentation Les chanteurs et instrumentistes des Cris de Paris se r\u00e9unissent autour des psaumes les plus spectaculaires des&nbsp;Psalmen Davids&nbsp;(1619) de Heinrich Sch\u00fctz. Ils les font alterner avec des compositions bas\u00e9es sur&nbsp;le Cantique des Cantiques,&nbsp;ce c\u00e9l\u00e8bre \u00ab Chant de Salomon \u00bb qui a accompagn\u00e9 le compositeur toute sa vie, et composent ce [&hellip;]","og_url":"https:\/\/www.lescrisdeparis.fr\/productions\/david-et-salomon\/","og_site_name":"Les Cris de Paris","article_publisher":"https:\/\/www.facebook.com\/LesCrisdeParisGeoffroyJourdain\/","article_modified_time":"2023-09-12T12:52:35+00:00","og_image":[{"width":500,"height":500,"url":"https:\/\/www.lescrisdeparis.fr\/wp-content\/uploads\/2020\/12\/davidetsalomon.jpg","type":"image\/jpeg"}],"twitter_card":"summary_large_image","twitter_site":"@lescrisdeparis","twitter_misc":{"Est. reading time":"2 minutes"},"schema":{"@context":"https:\/\/schema.org","@graph":[{"@type":"WebPage","@id":"https:\/\/www.lescrisdeparis.fr\/productions\/david-et-salomon\/","url":"https:\/\/www.lescrisdeparis.fr\/productions\/david-et-salomon\/","name":"David et Salomon - Les Cris de Paris","isPartOf":{"@id":"https:\/\/www.lescrisdeparis.fr\/#website"},"primaryImageOfPage":{"@id":"https:\/\/www.lescrisdeparis.fr\/productions\/david-et-salomon\/#primaryimage"},"image":{"@id":"https:\/\/www.lescrisdeparis.fr\/productions\/david-et-salomon\/#primaryimage"},"thumbnailUrl":"https:\/\/www.lescrisdeparis.fr\/wp-content\/uploads\/2020\/12\/davidetsalomon.jpg","datePublished":"2020-12-03T10:27:18+00:00","dateModified":"2023-09-12T12:52:35+00:00","breadcrumb":{"@id":"https:\/\/www.lescrisdeparis.fr\/productions\/david-et-salomon\/#breadcrumb"},"inLanguage":"en-US","potentialAction":[{"@type":"ReadAction","target":["https:\/\/www.lescrisdeparis.fr\/productions\/david-et-salomon\/"]}]},{"@type":"ImageObject","inLanguage":"en-US","@id":"https:\/\/www.lescrisdeparis.fr\/productions\/david-et-salomon\/#primaryimage","url":"https:\/\/www.lescrisdeparis.fr\/wp-content\/uploads\/2020\/12\/davidetsalomon.jpg","contentUrl":"https:\/\/www.lescrisdeparis.fr\/wp-content\/uploads\/2020\/12\/davidetsalomon.jpg","width":500,"height":500},{"@type":"BreadcrumbList","@id":"https:\/\/www.lescrisdeparis.fr\/productions\/david-et-salomon\/#breadcrumb","itemListElement":[{"@type":"ListItem","position":1,"name":"Accueil","item":"https:\/\/www.lescrisdeparis.fr\/en\/"},{"@type":"ListItem","position":2,"name":"Productions","item":"https:\/\/www.lescrisdeparis.fr\/productions\/"},{"@type":"ListItem","position":3,"name":"David et Salomon"}]},{"@type":"WebSite","@id":"https:\/\/www.lescrisdeparis.fr\/#website","url":"https:\/\/www.lescrisdeparis.fr\/","name":"Les Cris de Paris","description":"Direction Geoffroy Jourdain","potentialAction":[{"@type":"SearchAction","target":{"@type":"EntryPoint","urlTemplate":"https:\/\/www.lescrisdeparis.fr\/?s={search_term_string}"},"query-input":{"@type":"PropertyValueSpecification","valueRequired":true,"valueName":"search_term_string"}}],"inLanguage":"en-US"}]}},"_links":{"self":[{"href":"https:\/\/www.lescrisdeparis.fr\/en\/wp-json\/wp\/v2\/productions\/310","targetHints":{"allow":["GET"]}}],"collection":[{"href":"https:\/\/www.lescrisdeparis.fr\/en\/wp-json\/wp\/v2\/productions"}],"about":[{"href":"https:\/\/www.lescrisdeparis.fr\/en\/wp-json\/wp\/v2\/types\/productions"}],"wp:featuredmedia":[{"embeddable":true,"href":"https:\/\/www.lescrisdeparis.fr\/en\/wp-json\/wp\/v2\/media\/311"}],"wp:attachment":[{"href":"https:\/\/www.lescrisdeparis.fr\/en\/wp-json\/wp\/v2\/media?parent=310"}],"curies":[{"name":"wp","href":"https:\/\/api.w.org\/{rel}","templated":true}]}}

<p></p>



<h3 class="has-text-align-center wp-block-heading">d&#8217;après les Psalmen Davids</h3>



<h2 class="wp-block-heading">Présentation</h2>



<p>Les chanteurs et instrumentistes des Cris de Paris se réunissent autour des psaumes les plus spectaculaires des&nbsp;<em>Psalmen Davids&nbsp;</em>(1619) de Heinrich Schütz. Ils les font alterner avec des compositions basées sur&nbsp;<em>le Cantique des Cantiques</em>,&nbsp;ce célèbre « Chant de Salomon » qui a accompagné le compositeur toute sa vie, et composent ce programme comme une plongée dans le corpus le plus poétique de l’Ancien Testament.</p>



<p>Du solo au tutti, de l’écriture à 4 voix à la polychoralité à 4 chœurs, entre ensembles vocaux et instrumentaux, Schütz développe des trésors d’inventivité qui sont autant de défis pour les interprètes, et sources de fascination. Les jeux de timbres, de texture et de spatialisation font du recueil de psaumes, conçu après plusieurs années passées à Venise, un véritable traité d’orchestration du baroque naissant. L’intimité, la sensualité, le mystère du&nbsp;<em>Cantique des cantiques</em>,&nbsp;contrastent avec ces dispositifs rutilants et en prolongent le merveilleux.</p>



<p>L’attention à cette richesse de combinaisons d’effectifs accompagne une mise en valeur des lieux de représentation, en particulier à travers un déploiement des interprètes dans l’espace.</p>



<p></p>



<p><strong>Production</strong> Les Cris de Paris <br><strong>Création</strong> au Printemps des Arts de Monaco</p>



<h2 class="wp-block-heading">Programme</h2>



<p><strong>Heinrich Schütz,&nbsp;<em>Psalmen Davids&nbsp;</em>(1619)&nbsp;<em>Symphoniae sacrae</em>, op.6 (1629)</strong></p>



<p></p>



<p></p>

<p>d&#8217;après les Psalmen Davids Présentation Les chanteurs et instrumentistes des Cris de Paris se réunissent autour des psaumes les plus spectaculaires des&nbsp;Psalmen Davids&nbsp;(1619) de Heinrich Schütz. Ils les font alterner avec des compositions basées sur&nbsp;le Cantique des Cantiques,&nbsp;ce célèbre « Chant de Salomon » qui a accompagné le compositeur toute sa vie, et composent ce [&hellip;]</p>

Heinrich Schütz

<!-- This site is optimized with the Yoast SEO plugin v26.6 - https://yoast.com/wordpress/plugins/seo/ -->
<title>David et Salomon - Les Cris de Paris</title>
<meta name="robots" content="index, follow, max-snippet:-1, max-image-preview:large, max-video-preview:-1" />
<link rel="canonical" href="https://www.lescrisdeparis.fr/productions/david-et-salomon/" />
<meta property="og:locale" content="en_US" />
<meta property="og:type" content="article" />
<meta property="og:title" content="David et Salomon - Les Cris de Paris" />
<meta property="og:description" content="d&#8217;après les Psalmen Davids Présentation Les chanteurs et instrumentistes des Cris de Paris se réunissent autour des psaumes les plus spectaculaires des&nbsp;Psalmen Davids&nbsp;(1619) de Heinrich Schütz. Ils les font alterner avec des compositions basées sur&nbsp;le Cantique des Cantiques,&nbsp;ce célèbre « Chant de Salomon » qui a accompagné le compositeur toute sa vie, et composent ce [&hellip;]" />
<meta property="og:url" content="https://www.lescrisdeparis.fr/productions/david-et-salomon/" />
<meta property="og:site_name" content="Les Cris de Paris" />
<meta property="article:publisher" content="https://www.facebook.com/LesCrisdeParisGeoffroyJourdain/" />
<meta property="article:modified_time" content="2023-09-12T12:52:35+00:00" />
<meta property="og:image" content="https://www.lescrisdeparis.fr/wp-content/uploads/2020/12/davidetsalomon.jpg" />
	<meta property="og:image:width" content="500" />
	<meta property="og:image:height" content="500" />
	<meta property="og:image:type" content="image/jpeg" />
<meta name="twitter:card" content="summary_large_image" />
<meta name="twitter:site" content="@lescrisdeparis" />
<meta name="twitter:label1" content="Est. reading time" />
	<meta name="twitter:data1" content="2 minutes" />
<script type="application/ld+json" class="yoast-schema-graph">{"@context":"https://schema.org","@graph":[{"@type":"WebPage","@id":"https://www.lescrisdeparis.fr/productions/david-et-salomon/","url":"https://www.lescrisdeparis.fr/productions/david-et-salomon/","name":"David et Salomon - Les Cris de Paris","isPartOf":{"@id":"https://www.lescrisdeparis.fr/#website"},"primaryImageOfPage":{"@id":"https://www.lescrisdeparis.fr/productions/david-et-salomon/#primaryimage"},"image":{"@id":"https://www.lescrisdeparis.fr/productions/david-et-salomon/#primaryimage"},"thumbnailUrl":"https://www.lescrisdeparis.fr/wp-content/uploads/2020/12/davidetsalomon.jpg","datePublished":"2020-12-03T10:27:18+00:00","dateModified":"2023-09-12T12:52:35+00:00","breadcrumb":{"@id":"https://www.lescrisdeparis.fr/productions/david-et-salomon/#breadcrumb"},"inLanguage":"en-US","potentialAction":[{"@type":"ReadAction","target":["https://www.lescrisdeparis.fr/productions/david-et-salomon/"]}]},{"@type":"ImageObject","inLanguage":"en-US","@id":"https://www.lescrisdeparis.fr/productions/david-et-salomon/#primaryimage","url":"https://www.lescrisdeparis.fr/wp-content/uploads/2020/12/davidetsalomon.jpg","contentUrl":"https://www.lescrisdeparis.fr/wp-content/uploads/2020/12/davidetsalomon.jpg","width":500,"height":500},{"@type":"BreadcrumbList","@id":"https://www.lescrisdeparis.fr/productions/david-et-salomon/#breadcrumb","itemListElement":[{"@type":"ListItem","position":1,"name":"Accueil","item":"https://www.lescrisdeparis.fr/en/"},{"@type":"ListItem","position":2,"name":"Productions","item":"https://www.lescrisdeparis.fr/productions/"},{"@type":"ListItem","position":3,"name":"David et Salomon"}]},{"@type":"WebSite","@id":"https://www.lescrisdeparis.fr/#website","url":"https://www.lescrisdeparis.fr/","name":"Les Cris de Paris","description":"Direction Geoffroy Jourdain","potentialAction":[{"@type":"SearchAction","target":{"@type":"EntryPoint","urlTemplate":"https://www.lescrisdeparis.fr/?s={search_term_string}"},"query-input":{"@type":"PropertyValueSpecification","valueRequired":true,"valueName":"search_term_string"}}],"inLanguage":"en-US"}]}</script>
<!-- / Yoast SEO plugin. -->

d&#8217;après les Psalmen Davids Présentation Les chanteurs et instrumentistes des Cris de Paris se réunissent autour des psaumes les plus spectaculaires des&nbsp;Psalmen Davids&nbsp;(1619) de Heinrich Schütz. Ils les font alterner avec des compositions basées sur&nbsp;le Cantique des Cantiques,&nbsp;ce célèbre « Chant de Salomon » qui a accompagné le compositeur toute sa vie, et composent ce [&hellip;]
